5607649515 composite?
True
Is 29932853 a prime number?
False
Is 12557694421 composite?
False
Is 11813699039 a composite number?
False
Is 80058395939 composite?
True
Is 720446263 a composite number?
True
Is 1075475717 a prime number?
True
Is 90688544957 composite?
False
Is 983880917 a prime number?
True
Is 1206754337 a prime number?
False
Is 1041788491 composite?
False
Is 409292537 a composite number?
False
Is 25243438991 composite?
False
Is 6734765819 prime?
False
Is 4483267 a prime number?
False
Is 701117387 a composite number?
False
Is 2492386913 a composite number?
True
Is 503996959 prime?
False
Is 43019469233 composite?
True
Is 6820205407 composite?
False
Is 7041915613 composite?
False
Is 2129860945 prime?
False
Is 1397742487 composite?
False
Is 28789379 prime?
True
Is 2634570889 a composite number?
False
Is 1478848949 prime?
True
Is 4473520507 composite?
False
Is 4985855201 prime?
False
Is 580668623 composite?
False
Is 1197661306 prime?
False
Is 246495993 a composite number?
True
Is 5288283833 composite?
True
Is 23779246291 a composite number?
True
Is 14806925059 composite?
False
Is 4763528449 a composite number?
True
Is 95957251337 composite?
False
Is 160388594147 a prime number?
False
Is 11286486097 composite?
True
Is 8754824149 a prime number?
False
Is 736413061 composite?
True
Is 3310542541 a prime number?
True
Is 30714203917 a prime number?
False
Is 4955730191 composite?
True
Is 64720162385 a composite number?
True
Is 5943811649 prime?
True
Is 20688851047 a composite number?
True
Is 1076403397 composite?
True
Is 464822639 a prime number?
False
Is 3577697087 prime?
True
Is 109203983981 a prime number?
False
Is 5121265694 composite?
True
Is 1382081513 a prime number?
False
Is 1996273567 composite?
True
Is 531547427 prime?
False
Is 2343069641 composite?
True
Is 218709779 a prime number?
False
Is 262568455 a composite number?
True
Is 13960663463 a prime number?
True
Is 2691410017 composite?
True
Is 84047749 a prime number?
False
Is 524178281 prime?
False
Is 2651831849 a prime number?
True
Is 29459239627 composite?
False
Is 51623392631 composite?
False
Is 4858070491 a composite number?
False
Is 16177542047 prime?
False
Is 5769468251 composite?
False
Is 957712619 a composite number?
True
Is 3566515037 composite?
True
Is 1295956457 composite?
True
Is 12928094897 a composite number?
False
Is 163682269 a composite number?
True
Is 1781704607 prime?
True
Is 6536465833 prime?
True
Is 10627376701 prime?
True
Is 4625695561 a prime number?
True
Is 17149890347 prime?
True
Is 220057709 a prime number?
True
Is 105134283389 composite?
True
Is 854591393 prime?
False
Is 558736681 a composite number?
True
Is 1007179289 prime?
False
Is 14469102301 composite?
True
Is 5708527939 composite?
True
Is 940914833 a prime number?
False
Is 58635799 a prime number?
True
Is 3781938607 a prime number?
True
Is 1094824022 a prime number?
False
Is 65018041 prime?
False
Is 19632236437 a composite number?
True
Is 407349913 a prime number?
True
Is 54815587 a prime number?
True
Is 7786492789 a composite number?
False
Is 1046825677 a composite number?
True
Is 311552309 prime?
True
Is 59928761 composite?
True
Is 151773259 composite?
True
Is 93011257 a prime number?
True
Is 692605567 composite?
False
Is 74252078 prime?
False
Is 11843366377 prime?
True
Is 90372529963 a composite number?
True
Is 9634895717 composite?
True
Is 1846014187 prime?
True
Is 152575520311 a prime number?
True
Is 9601420053 prime?
False
Is 444056471 composite?
True
Is 228405535577 a composite number?
False
Is 8022065321 composite?
False
Is 834783445 a composite number?
True
Is 7389649753 a composite number?
False
Is 28046070967 a composite number?
False
Is 13044352271 composite?
False
Is 6994890566 prime?
False
Is 30027795943 prime?
False
Is 526795177 prime?
False
Is 15126464411 a composite number?
True
Is 16531841 a prime number?
True
Is 55352819239 a composite number?
False
Is 446366693 a composite number?
True
Is 19749425601 a prime number?
False
Is 50647235 composite?
True
Is 3356248589 prime?
True
Is 4963450489 a composite number?
False
Is 461592541 composite?
False
Is 1420800089 a prime number?
False
Is 33658871 a composite number?
False
Is 13238334167 a prime number?
False
Is 393612314 a composite number?
True
Is 483163271 composite?
False
Is 173810279 a composite number?
False
Is 117699031 prime?
False
Is 18493883767 a composite number?
True
Is 33938610581 a composite number?
False
Is 257158151 composite?
False
Is 12142944037 a composite number?
True
Is 114986382241 a prime number?
False
Is 388928017 prime?
True
Is 98325409271 prime?
True
Is 266551770347 a composite number?
True
Is 27441771803 prime?
False
Is 6025728641 a prime number?
False
Is 126655631 composite?
False
Is 117597741071 a composite number?
False
Is 5934724141 a prime number?
True
Is 27775371373 prime?
True
Is 2937626567 prime?
False
Is 2792738215 a composite number?
True
Is 476720309 a prime number?
False
Is 1783167149 a composite number?
False
Is 659130253 a prime number?
True
Is 41485799923 prime?
False
Is 121362887 composite?
True
Is 51128647 a prime number?
True
Is 501665916161 a composite number?
False
Is 161743718099 a composite number?
True
Is 105235962943 a prime number?
True
Is 591854669 a composite number?
True
Is 1817800462 a prime number?
False
Is 9901666007 a composite number?
True
Is 223678087 a prime number?
False
Is 6328842151 a composite number?
False
Is 1324171109 composite?
False
Is 67527985261 a composite number?
True
Is 876512893 composite?
False
Is 1356412069 composite?
True
Is 474882647 a composite number?
True
Is 72653467 a composite number?
False
Is 2476420307 a composite number?
False
Is 457025567 prime?
True
Is 49323614551 a prime number?
True
Is 13180568881 composite?
False
Is 41248667527 composite?
False
Is 14980837 a prime number?
True
Is 963900673 prime?
False
Is 96657073 composite?
False
Is 2233225741 composite?
False
Is 419587885 composite?
True
Is 33114898339 composite?
True
Is 290030886781 prime?
True
Is 5064409079 a composite number?
True
Is 704245369 a composite number?
True
Is 310082009 a composite number?
True
Is 10492317061 a composite number?
False
Is 4025111729 a prime number?
False
Is 1095900493 composite?
False
Is 1478231641 a composite number?
True
Is 44476893037 composite?
False
Is 108535839439 prime?
True
Is 9307434371 composite?
False
Is 267610229 a prime number?
True
Is 9641936389 composite?
False
Is 3762764605 prime?
False
Is 140462235949 prime?
False
Is 41823273697 a prime number?
True
Is 338136523 prime?
True
Is 84233629547 composite?
True
Is 53354958367 composite?
False
Is 141018877 prime?
False
Is 41796104531 composite?
False
Is 3712165397 a composite number?
False
Is 6818588923 a prime number?
True
Is 12693247537 a prime number?
False
Is 571241941 composite?
False
Is 11749684753 composite?
False
Is 792567287 a prime number?
True
Is 6417106555 composite?
True
Is 17387560429 a prime number?
False
Is 2562950321 a composite number?
False
Is 271859633 a prime number?
True
Is 220930013 a prime number?
False
Is 2246129803 composite?
False
Is 2208726017 composite?
True
Is 44405785091 composite?
False
Is 18431678689 prime?
True
Is 3446246059 a composite number?
True
Is 16361683733 a composite number?
False
Is 2732971009 a prime number?
True
Is 4054744657 composite?
False
Is 414236057 a composite number?
True
Is 493630961 prime?
True
Is 685287389 a composite number?
False
Is 53502593845 a prime number?
False
Is 28268641151 a composite number?
False
Is 2403796258 a prime number?
False
Is 2948470703 prime?
False
Is 4131890353 prime?
True
Is 164614313 composite?
False
Is 7495306633 prime?
True
Is 4972868539 composite?
False
Is 1817596203 a composite number?
True
Is 307014161 a composite number?
True
Is 59354508491 prime?
False
Is 67443106505 a prime number?
False
Is 55285577 a prime number?
True
Is 3805914829 composite?
True
Is 3248548271 prime?
False
Is 469920492469 composite?
False
Is 19846980399 prime?
False
Is 5116435367 a composite number?
True
Is 56889127177 composite?
False
Is 1979155583 a composite number?
True
Is 186236696837 a composite number?
True
Is 806885257 composite?
True
Is 367215929 prime?
False
Is 606966509 a prime number?
True
Is 10183618193 prime?
False
Is 105809234